 - 186. Let g(h) = 3*i(h) + 2*y(h). Give g(f).
14
Let m(u) = u**3 + u**2 - 3*u + 12. Let a be m(0). Let q(v) = -11*v + 133. What is q(a)?
1
Let o = -253 + 5. Let x = -255 - o. Let c(a) = -3*a**2 + 6*a - 9. Let r(w) = w**2. Let f(v) = -c(v) - 4*r(v). What is f(x)?
2
Let f(x) = -4*x**3 + 3. Let v(w) = -25*w**3 - w**2 - 2*w + 42. Let c(b) = 6*f(b) - v(b). Calculate c(0).
-24
Let s = 1971 - 1971. Let p(m) = -m + 97. Give p(s).
97
Suppose 5*o = -34*o + 606 + 135. Let l(u) = -7*u + 138. Determine l(o).
5
Let u(g) = -17*g + 1. Let k be 2 + (12 - 7 - 21/3). Determine u(k).
1
Suppose -19*x + 12 = -16*x. Suppose -15 = -5*t, -x*y + 2*t = y - 19. Let q(k) = 2*k + 6. What is q(y)?
16
Let a be 1 + -8 - (1 + -3). Let y(z) be the second derivative of z**4/12 + z**3/2 - z**2 + 12*z + 80. Give y(a).
8
Let i(f) be the first derivative of f**4/4 - 4*f**3/3 + 2*f**2 - 5*f + 9892. Give i(3).
-2
Let j(m) = 2*m + 12. Suppose 0 = -3*d + 3 + 6. Suppose 176 = d*f - 14*f. Let c be f/(-88) - (-101)/(-11). Determine j(c).
-6
Suppose -329 = -3*t - 323. Let y(j) = 8*j + 5. Give y(t).
21
Let b = -193 - -199. Let a(h) = 6*h**3 - 6*h**2 - h - 1. Let j(x) = -5*x**3 + 7*x**2 + x + 1. Let n(v) = b*j(v) + 7*a(v). What is n(-1)?
-12
Let r(j) = 74*j - 959. Let d be r(13). Let p(a) be the third derivative of -5/6*a**d - 5/24*a**4 + 0*a - 1/60*a**5 + 0 + 19*a**2. What is p(-5)?
-5
Let u(l) = -5*l**2 + 11*l + 9. Let f(z) = -z**2 - 1. Let k(n) = 6*f(n) - u(n). Let m = 2324 + -2334. Determine k(m).
-5
Let y(r) = -5*r + r**2 + 3*r - 2 - 1. Let a be 1*-1*(-108)/(-1044)*-29. Calculate y(a).
0
Let d(l) = -11 + 8 - 2*l + 4 + 3*l. Let y be (2 + 4)*(-98)/(-21). Suppose -9*j = -5*j + y. Determine d(j).
-6
Let a(u) = 11*u + 2315 - 2186 + u**3 - 3*u**2 + 9*u**2. Determine a(-7).
3
Suppose 6*r = 64 - 10. Suppose 4*x - x - r = 0. Let w be (4/(-6))/(-2) - 7/x. Let k(b) = -2*b - 3. What is k(w)?
1
Let w(s) = 137 + 10*s - 5*s + 137 + 2*s**3 - 4*s**2 - 281. What is w(2)?
3
Let c(l) = -l**2 + 7*l - 17. Suppose 5*q - 5*x = 10, 245*q - 248*q + 2*x = -11. Calculate c(q).
-17
Let y(m) be the third derivative of m**5/30 - m**4/6 + m**3/2 - 55*m**2 - 2. Let g = -1 - -4. What is y(g)?
9
Let k be (-3520)/110 + 1*18. Let q(x) = x**3 + 11*x**2 - 43*x - 3. Give q(k).
11
Let m(v) = -31*v**3 - 45*v**2 + 53*v - 25. Let k(a) = 9*a**3 + 15*a**2 - 18*a + 8. Let s(n) = -7*k(n) - 2*m(n). What is s(-16)?
-70
Let y(k) = k**2 + 3*k + 3. Let t(w) = -w + 29. Let i be t(31). Let q be (-6)/(-12)*i*0. Let c be 2/2 - (q - -3 - -2). Determine y(c).
7
Let w(m) be the second derivative of -m**5/20 + m**4/4 + 11*m**3/6 + 4*m**2 - 1948*m. Give w(-3).
29
Suppose 23 - 5 = 6*l. Let m be (l - (-63)/(-15))/((-21)/70). Let x(t) = -3*t + 6. Calculate x(m).
-6
Let v(y) = -107*y + 654. Let z(h) = -53*h + 301. Let d(s) = -2*v(s) + 5*z(s). Give d(4).
-7
Let j(h) = -18 + 5 + 7 - 2*h. Suppose -m - 11 = -48. Let z = 32 - m. What is j(z)?
4
Let y(m) = 7*m - 63. Let i be y(9). Suppose i = 17*w + 23*w - 29*w. Let a(s) = -s + 5. Give a(w).
5
Suppose 17 = 4*q + 3*t, -4*t = -3*q + q + 14. Let u be 2/q + (-36)/(-10). Let z(n) = u*n**2 + 0*n + 26*n**3 - 4*n - 25*n**3 + 3*n. What is z(-3)?
12
Suppose 2*a - 5*a = 15. Let w(s) be the second derivative of -s**5/20 - 5*s**4/12 - s**3/3 + 3*s - 7. What is w(a)?
10
Let k(d) = d - 1. Let c be k(-8). Let z(x) = -2619*x + 30 - 23 + 2620*x. Give z(c).
-2
Suppose -2*w - 213 = -5*z, 4*w - z + 146 + 325 = 0. Let h = -115 - w. Suppose -2*i + 4*l = 0, 2*i = -h*l - 4 - 12. Let d(n) = n - 3. Determine d(i).
-7
Let h(u) = -u**3 + 6*u**2 - 8*u + 12. Let w be ((-510)/(-24))/(1/(-16)). Let a = 345 + w. Give h(a).
-3
Let b be (-3 - -7)/(-2 - 20/(-30)). Let p(v) = -2. Let x(w) = -w - 8. Let a(r) = 3*p(r) - x(r). Calculate a(b).
-1
Suppose -12*d - 5*d + 204 = 0. Let z = 13 - d. Let l(t) = 18*t**2 + t. What is l(z)?
19
Let a = 15147 + -15159. Let s(x) = 7*x + 76. Calculate s(a).
-8
Let n(j) = 2*j + 13. Let r = -208 - -356. Let z = -155 + r. Give n(z).
-1
Suppose 40 = 4*g - 4*h, 28 = 2*g - 4*h + 4. Let p(q) = -q**2 + 12*q + 11. Determine p(g).
43
Let q(i) = i**3 - 6*i**2 + 7*i - 6. Suppose 0 = -a + 11*d - 8*d + 9, a + 3*d - 9 = 0. Suppose -10*u + a = -41. Calculate q(u).
4
Let t(h) = 11*h**3 + 5*h**3 + 1 + 16*h**3 - 52*h**3 + 25*h**3 + h + 0. Suppose -3*z - 8 = -g - 6*z, -2*g = 5*z - 13. Give t(g).
-5
Suppose 2*h = 13*h - 33. Let q(y) = -6*y**2 - 7*y**3 - h + 9*y**3 - y**2 - y**3 - y. Calculate q(7).
-10
Let a(t) = -t**3 - 7*t**2 + 11*t + 5. Let v(u) = -u**2 + 2*u + 4. Let m be v(3). Let p be (-2*m)/((-24)/(-96)). Give a(p).
-19
Let h(k) = -k + 28. Let g(o) = o**3 - 8*o**2 + 16*o + 18. Let i be g(4). Give h(i).
10
Let z(k) = -27*k**2 - 1623*k - 129. Let l be z(-60). Let p(b) = b**3 - 53*b**2 + 103*b - 62. Calculate p(l).
-11
Let i(h) be the third derivative of -h**4/4 + h**3/6 - 2166*h**2. Determine i(4).
-23
Let x(k) be the second derivative of -k**4/12 + 5*k**3/3 - 7*k**2 + k + 397. What is x(4)?
10
Let f(j) be the first derivative of j**3/3 - 21*j**2/2 + 76*j - 186. Calculate f(17).
8
Let c = 5 - 4. Let o(z) = z**3 + 9*z**2 - z + 8. Let k be o(-9). Let v(j) = 10*j - 4*j - 9 + k - 9. Determine v(c).
5
Let x be 200/35 + -6 - 46/(-14). Suppose -4*r + x*f + 7 = 0, -r + 3*f + 2 + 2 = 0. Suppose 4*a - 3*a + 17 = 5*g, -g = a - r. Let z(n) = 5*n + 1. Give z(a).
-9
Let q(p) = -1 + 7 - 1 + 29*p + 11 - 20. What is q(-3)?
-91
Let i(o) = 35*o**3 + 22*o**2 - 2*o + 28. Let w(m) = -79*m**3 - 45*m**2 + 4*m - 54. Let f(l) = 9*i(l) + 4*w(l). Determine f(18).
0
Let m(t) = 2*t**2 + t - 3. Let o(j) = j**2 - 21*j - 46. Let b = -4 + 27. Let i be o(b). Suppose i = g - 5*z - 2, -7 - 6 = 4*g + z. Calculate m(g).
12
Let m(g) = -12*g - 7. Let c(v) = -6*v - 3. Let f(a) = -13*c(a) + 6*m(a). Suppose y - 714*j + 48 = -709*j, 0 = 4*y - j + 21. Give f(y).
-21
Suppose 82 = 5*g - 3*w, 3*g + 5*w + 30 = 6*g. Let u(j) = 2*j**3 - 40*j**2 - 6. Determine u(g).
-6
Let w(y) = -6*y - 20. Let c be w(-20). Suppose -158 - 292 = -5*n - 5*b, -n + 78 = 5*b. Let d = n - c. Let x(t) = -t**2 - 6*t + 9. Give x(d).
2
Let g be 10/(-4)*(-20)/25. Suppose 5*p = -4*v - 33, 0 = -5*v - g*p - 14 - 23. Let j(w) = w**2 + 11*w + 8. Calculate j(v).
-20
Let w be (13 + -15 - -2) + -5. Let g(q) = -q**3 - 3*q**2 - 2*q - 7. What is g(w)?
53
Let x be (-14)/91 - 0 - (-102)/(-13). Suppose 6*i - 59 = -11. Let f(g) = -i - 25*g + 52*g - 28*g. What is f(x)?
0
Let b(h) be the first derivative of -h**3/3 + 7*h**2/2 + 22*h - 10005. Give b(-2).
4
Let a(d) = -2*d + 1. Let j(n) = n**3 + 2*n**2 - 4*n - 6. Let v = 284 - 287. Let p be j(v). Give a(p).
7
Let o(p) = 2 - 87*p - 79*p**3 + 90*p + 80*p**3 - 4*p**2 - 9. Give o(3).
-7
Let j(l) be the first derivative of -l**3/3 + 5*l**2/2 + l + 15. Let a = -117 - -123. What is j(a)?
-5
Suppose 0 = 5*m, -4*m = -2*j - 7*m + 4. Let l(o) = 0*o + 4 + 5*o - 3*o + j. Let k be ((-12)/8)/(6 - 125/20). Determine l(k).
18
Let a(j) = -2*j**2 - 15*j - 5. Let t be a(-7). Let p(l) = 6 - 4 - 6*l - 5 - l**t - 2. Suppose z + 17 = -2*y - 2*z, -16 = y + 4*z. Calculate p(y).
3
Let n(h) = -h**3 + 2*h**2 + h - 1. Let p be (10/(-125)*-10)/((-2)/5). Calculate n(p).
13
Let v(x) = -24*x - 158. Let f(q) = -1728*q - 13831. Let n be f(-8). What is v(n)?
10
Let v(c) be the third derivative of c**4/8 + 21*c**3/2 - 12*c**2 - 21*c - 2. Determine v(-19).
6
Let m(q) be the third derivative of 0*q + 14*q**2 - 11/24*q**4 + 0 + 2/3*q**3 + 1/120*q**5. Let g(v) be the first derivative of m(v). Calculate g(6).
-5
Let s(g) be the second derivative of g**5/20 + g**4/4 - 5*g**3/6 - 13*g**2/2 - 2363*g. What is s(-3)?
2
Let a = 11 + -5. Let z be (a - 4) + (1 - 1). Let s(y) = 3*y**2 - 11*y**2 - 6*y - 2*y**z + 4*y**2 + y**3. Calculate s(7).
7
Let m be (-114)/8*-12*(-19)/(-171). Let k(x) = 2*x**2 - 19*x - 357. What is k(m)?
4
Let p(z) be the third derivative of -z**6/120 - z**5/12 + z**4/3 - 2*z**3/3 + 1593*z**2 - 1. Give p(-6).
-16
Let n(b) = b**2 - 9*b - 62. Let m be n(-5). Let l(s) = 2*s - 8*s - 4*s**2 + s + m*s + 4. Determine l(3).
-23
Let m(q) = 203*q - 5263. Let s be m(26). Let k(d) = 7*d - 77. Determine k(s).
28
Let a(i) be the first derivative of 2*i**3 - 9/2*i**2 - 2*i - 56 - 1/4*i**4. Calculate a(4).
-6
Let c(y) = -2*y**2 + 27*y + 7. Suppose 272*g - 476 = 238*g. Give c(g).
-7
Let d(o) be the third derivative of -